{"id":17,"date":"2012-08-08T06:47:06","date_gmt":"2012-08-08T06:47:06","guid":{"rendered":"http:\/\/deinbacher-dorfladen.de\/?page_id=17"},"modified":"2025-12-21T17:09:48","modified_gmt":"2025-12-21T17:09:48","slug":"downloads","status":"publish","type":"page","link":"https:\/\/www.deinbacher-dorfladen.de\/?page_id=17","title":{"rendered":"Downloads"},"content":{"rendered":"\n<p><\/p>\n\n\n<div class=\"wp-block-image\">\n<figure class=\"alignleft\"><a href=\"https:\/\/www.deinbacher-dorfladen.de\/wp-content\/uploads\/2025\/12\/Infobrief_12-2025-1.pdf\" target=\"_blank\" rel=\"noopener noreferrer\"><img loading=\"lazy\" decoding=\"async\" width=\"48\" height=\"48\" src=\"https:\/\/www.deinbacher-dorfladen.de\/wp-content\/uploads\/2012\/08\/download1.png\" alt=\"Infobrief 2\/2025\" class=\"wp-image-27\" title=\"Datei herunterladen\"\/><\/a><\/figure>\n<\/div>\n\n\n<p><strong><br>Info Brief 2\/2025<\/strong><br><br>Datei herunterladen<\/p>\n\n\n<div class=\"wp-block-image\">\n<figure class=\"alignleft\"><a href=\"https:\/\/www.deinbacher-dorfladen.de\/wp-content\/uploads\/2019\/12\/2019_6-Seiten_Flyer_Dorfladen_FINAL.pdf\" target=\"_blank\" rel=\"noopener noreferrer\"><img decoding=\"async\" src=\"https:\/\/www.deinbacher-dorfladen.de\/wp-content\/uploads\/2012\/08\/download1.png\" alt=\"\" title=\"Flyer laden\"\/><\/a><\/figure>\n<\/div>\n\n\n<p><strong><br>Dorfladen Flyer<br><\/strong><strong><\/strong><br>Datei herunterladen<strong><br><\/strong><br><strong><br>Beteiligungserkl\u00e4rung<\/strong><br>Hier kann die Beteiligungserkl\u00e4rung zur Genossenschaft &#8222;Gro\u00dfdeinbacher Dorladen eG&#8220; heruntergeladen werden.<\/p>\n\n\n<div class=\"wp-block-image\">\n<figure class=\"alignleft\"><a href=\"https:\/\/www.deinbacher-dorfladen.de\/wp-content\/uploads\/2018\/08\/180721_Beitrittserklaerung_DL-GDB.pdf\" target=\"_blank\" rel=\"noopener noreferrer\"><img decoding=\"async\" src=\"https:\/\/www.deinbacher-dorfladen.de\/wp-content\/uploads\/2012\/08\/download1.png\" alt=\"Antrag f\u00fcr neue Mitglieder\" class=\"wp-image-60\" title=\"Beteilligungserkl\u00e4rung laden\"\/><\/a><\/figure>\n<\/div>\n\n\n<p><br><br><\/p>\n\n\n\n<p>Antrag f\u00fcr neue Mitglieder<\/p>\n\n\n\n<figure class=\"wp-block-image\"><a href=\"https:\/\/www.deinbacher-dorfladen.de\/wp-content\/uploads\/2018\/08\/180721_Anteilerweiterung_DL-GDB.pdf\" target=\"_blank\" rel=\"noopener noreferrer\"><img decoding=\"async\" src=\"https:\/\/www.deinbacher-dorfladen.de\/wp-content\/uploads\/2012\/08\/download1.png\" alt=\"\" class=\"wp-image-60\" title=\"Anteilserweiterung laden\"\/><\/a><\/figure>\n\n\n\n<p>Antrag f\u00fcr bestehende Mitglieder zum Erwerb weiter Anteile<\/p>\n\n\n\n<p><br><\/p>\n\n\n\n<p><br><strong>Satzung<\/strong><br>Aktuelle Fassung der Satzung<\/p>\n\n\n<div class=\"wp-block-image\">\n<figure class=\"alignleft\"><a href=\"https:\/\/www.deinbacher-dorfladen.de\/download\/Satzung.pdf\" target=\"_blank\" rel=\"noopener noreferrer\"><img decoding=\"async\" src=\"https:\/\/www.deinbacher-dorfladen.de\/wp-content\/uploads\/2012\/08\/download1.png\" alt=\"\" class=\"wp-image-60\" title=\"Satzung laden\"\/><\/a><\/figure>\n<\/div>\n\n\n<p><a title=\"Satzung laden\" href=\"https:\/\/dorfladen.endress-net.de\/wp-content\/uploads\/2012\/08\/Satzung_Dorfladen_Gro%C3%9Fdeinbach_eG.pdf\" target=\"_blank\" rel=\"noopener noreferrer\">&nbsp;<\/a><br>Datei herunterladen<\/p>\n\n\n\n<p><br><\/p>\n","protected":false},"excerpt":{"rendered":"<p>Info Brief 2\/2025 Datei herunterladen Dorfladen FlyerDatei herunterladenBeteiligungserkl\u00e4rungHier kann die Beteiligungserkl\u00e4rung zur Genossenschaft &#8222;Gro\u00dfdeinbacher Dorladen eG&#8220; heruntergeladen werden. Antrag f\u00fcr neue Mitglieder Antrag f\u00fcr bestehende Mitglieder zum Erwerb weiter Anteile SatzungAktuelle Fassung der Satzung &nbsp;Datei herunterladen<\/p>\n","protected":false},"author":1,"featured_media":0,"parent":0,"menu_order":3,"comment_status":"closed","ping_status":"closed","template":"","meta":{"jetpack_post_was_ever_published":false,"footnotes":""},"class_list":["post-17","page","type-page","status-publish","hentry"],"jetpack_sharing_enabled":false,"jetpack_shortlink":"https:\/\/wp.me\/P807vO-h","_links":{"self":[{"href":"https:\/\/www.deinbacher-dorfladen.de\/index.php?rest_route=\/wp\/v2\/pages\/17","targetHints":{"allow":["GET"]}}],"collection":[{"href":"https:\/\/www.deinbacher-dorfladen.de\/index.php?rest_route=\/wp\/v2\/pages"}],"about":[{"href":"https:\/\/www.deinbacher-dorfladen.de\/index.php?rest_route=\/wp\/v2\/types\/page"}],"author":[{"embeddable":true,"href":"https:\/\/www.deinbacher-dorfladen.de\/index.php?rest_route=\/wp\/v2\/users\/1"}],"replies":[{"embeddable":true,"href":"https:\/\/www.deinbacher-dorfladen.de\/index.php?rest_route=%2Fwp%2Fv2%2Fcomments&post=17"}],"version-history":[{"count":51,"href":"https:\/\/www.deinbacher-dorfladen.de\/index.php?rest_route=\/wp\/v2\/pages\/17\/revisions"}],"predecessor-version":[{"id":519,"href":"https:\/\/www.deinbacher-dorfladen.de\/index.php?rest_route=\/wp\/v2\/pages\/17\/revisions\/519"}],"wp:attachment":[{"href":"https:\/\/www.deinbacher-dorfladen.de\/index.php?rest_route=%2Fwp%2Fv2%2Fmedia&parent=17"}],"curies":[{"name":"wp","href":"https:\/\/api.w.org\/{rel}","templated":true}]}}